{"id":308,"date":"2018-04-07T12:00:26","date_gmt":"2018-04-07T10:00:26","guid":{"rendered":"http:\/\/www.tordy.at\/?page_id=308"},"modified":"2026-04-09T21:08:08","modified_gmt":"2026-04-09T19:08:08","slug":"datenschutzerklaerung","status":"publish","type":"page","link":"https:\/\/www.tordy.at\/index.php\/datenschutzerklaerung\/","title":{"rendered":"Datenschutzerkl\u00e4rung 2"},"content":{"rendered":"<h3>Ver\u00adant\u00adwort\u00adli\u00adche Stelle im Sinne der Daten\u00adschutz\u00adge\u00adsetze ist:<\/h3>\n<p>Christian Tordy; Sie erreichen mich per Telefon unter 0699 10104054<br \/>\n<!-- Beginn des Auskommentierens\n\n\n<h3>Das Kontaktformular und die Sicherung reCAPCHA<\/h3>\n\n\n\u00dcber das Kontaktformular k\u00f6nnen Sie mich erreichen. Sie m\u00fcssen einen Namen eingeben, eine E-Mail-Adresse und das Textfeld ausf\u00fcllen. Wollen Sie, dass ich Sie erreichen kann, sollte zumindest die E-Mail-Adresse g\u00fcltig sein. Ein kleines Programm (reCAPCHA) \u00fcberpr\u00fcft, ob Sie ein Mensch sind und fordert Sie zu einer \u201eintelligenten Leistung\u201c auf. Wenn Sie diesen Test bestehen, k\u00f6nnen Sie die Kontaktanfrage absenden. Sie wird mir in mein Postfach zugestellt. Abgesehen von dieser Zustellung in mein Postfach werden diese Daten nirgendwo sonst gespeichert. Versagt der Dienst, erhalte ich keine Mitteilung von Ihnen. Wenn Sie Zweifel haben, ob die Zustellung der Nachricht geklappt hat, probieren Sie es bitte erneut. Zu meinem Umgang mit E-Mails lesen Sie bitte weiter unten.\n\nreCAPCHA ist ein externer Dienst von Google. Zu den\u00a0<a href=\"https:\/\/policies.google.com\/privacy?hl=de-AT\">Datenschutzbestimmungen<\/a>\u00a0und den\u00a0<a href=\"https:\/\/policies.google.com\/terms?hl=de-AT\">Nutzungsbedingungen<\/a>\u00a0dieses Dienstes darf ich Sie an die entsprechenden Stellen verweisen. Wenn Sie Zweifel an der Lauterkeit dieses Dienstes haben, greifen Sie stattdessen zum Telefon. Ich bin in den fr\u00fchen Abendstunden gut erreichbar.\n\nEnde des Auskommentierens<span data-mce-type=\"bookmark\" style=\"display: inline-block; width: 0px; overflow: hidden; line-height: 0;\" class=\"mce_SELRES_start\"><\/span>--><\/p>\n<h3>Das Kontaktformular<\/h3>\n<p>\u00dcber das <a href=\"http:\/\/www.tordy.at\/index.php\/kontakt\/\">Kontaktformular<\/a> k\u00f6nnen Sie mich erreichen. Sie m\u00fcssen einen Namen eingeben, eine E-Mail-Adresse, den Betreff und das Textfeld ausf\u00fcllen. Wollen Sie, dass ich Sie erreichen kann, sollte zumindest die E-Mail-Adresse g\u00fcltig sein. Die Anfrage wird mir in mein Postfach zugestellt. Abgesehen von der Zustellung in mein Postfach werden diese Daten nirgendwo sonst gespeichert. Versagt der Dienst, erhalte ich keine Mitteilung von Ihnen. Wenn Sie Zweifel haben, ob die Zustellung der Nachricht geklappt hat, probieren Sie es bitte erneut. Zu meinem Umgang mit E-Mails lesen Sie bitte weiter unten.<\/p>\n<p>Das Kontakformular wird mit &#8218;Durnstile&#8216;, einem Plugin von Cloudflare gesch\u00fctzt. Cloudflare versichert, keine Cookie zu setzen. Alle weiteren Infos zur Privacy-Policy bei\u00a0<a href=\"https:\/\/www.cloudflare.com\/de-de\/privacypolicy\/\">Claudflare<\/a>.<\/p>\n<p>Haben Sie Zweifel an der Seriosit\u00e4t dieses Programms? Dann geben Sie keine Daten in das Kontaktformular ein, Sie k\u00f6nnen mich stattdessen anrufen: 0699 10104054.<\/p>\n<h3>Website<\/h3>\n<p>Ich betreibe die Website: www.tordy.at<\/p>\n<p>Sie wird gehosted auf easysname.at, einem Anbieter mit einer \u00f6sterreichischen Niederlassung.<\/p>\n<p>easysname.at setzt standardm\u00e4\u00dfig ein Cookie. Damit k\u00f6nnte die Anzahl der Zugriffe und die Verweildauer pro Seite ausgewertet werden. Ich habe diese Funktion abgeschaltet. Trotzdem und nur zur Information:\u00a0 easysname.at verweist bei der Erl\u00e4uterung seiner Datenschutzbestimmungen auf diesen <a href=\"https:\/\/www.easyname.at\/de\/unternehmen\/contact#privacy-policy\">Text<\/a>.\u00a0Auf der selben Seite findet sich dann auch ein weiterf\u00fchrender Link zu Sinn und Zweck von\u00a0<a href=\"https:\/\/www.easyname.at\/download\/cookie-policy-de-v1.pdf\">Cookies,<\/a> die bei easyname.at verwendet werden.<\/p>\n<div class=\"page\" title=\"Page 3\">\n<div class=\"layoutArea\">\n<div class=\"column\">\n<p>Auch nur zur Info: Die Erfassung und Verarbeitung der Website-Nutzungsdaten durch Google k\u00f6nnen Sie auf allen Websites verhindern, indem Sie ein Browser-Plugin installieren, das f\u00fcr alle g\u00e4ngigen Browser verf\u00fcgbar ist. Mit diesem Add-on wird die Weiterleitung von Besuchsdaten an Google Analytics \u00fcber die entsprechenden JavaScripts (ga.js, analytics.js und dc.js) unterbunden. Weitere Informationen zu diesem Browser-Plug-In finden Sie <a href=\"https:\/\/tools.google.com\/dlpage\/gaoptout\">hier<\/a>. Wem das zu m\u00fchsam ist oder\/und diesem Plugin nicht vertraut, kann in seinen Browsereinstellungen die Annahme von Cookies unterbinden. Eine Anleitung daf\u00fcr findet sich zum Beispiel\u00a0<a href=\"https:\/\/de.wikihow.com\/Cookies-deaktivieren\">hier<\/a>.<\/p>\n<\/div>\n<\/div>\n<\/div>\n<p>W\u00e4hrend die Daten der Homepage von Dritten gesammelt und mir \u201enur\u201c zur Verf\u00fcgung gestellt werden (etwa wie viele BesucherInnen ich in einem bestimmten Zeitraum auf der Website hatte und wie lange die sich darauf aufgehalten haben), so sammle und verarbeite ich aktiv folgende Daten von Ihnen:<\/p>\n<h3>Datenspeicherung im Bereich E-Mail<\/h3>\n<p>Es gibt viele Gr\u00fcnde, warum man mir E-Mails schickt. Werbung ist beispielsweise ein solcher Grund. Nat\u00fcrlich auch, weil man \u00a0mit mir in Kontakt treten will. Ein jedes E-Mail das mir zugestellt wird, enth\u00e4lt auf jedem Fall eine E-Mail-Adresse als Absender, einen Betreff und einen Inhalt. Dar\u00fcber hinaus werden mit dem E-Mail noch eine Reihe anderer Informationen versandt. Diese Informationen werden im &#8222;Header&#8220; der E-Mail mitgesandt. Mehr zu diesen Header-Informationen auf\u00a0<a href=\"https:\/\/de.wikipedia.org\/wiki\/Header_(E-Mail)\">Wikipedia<\/a>.<\/p>\n<p>W\u00e4hrend ich keinen Einfluss darauf habe, was mir wer schreibt, kann ich dar\u00fcber Auskunft geben, was ich mit den empfangenen und von mir versendeten E-Mails mache: Werbemails werden von mir sofort gel\u00f6scht. Mails auf die ich antworte, werden in aller Regel am Mailserver aufbehalten.<\/p>\n<p style=\"text-align: left; padding-left: 30px;\"><em>Eine Ausnahme davon bilden Anfragen nach Psychotherapie. Diese werden sofort vom Mailserver gel\u00f6scht und nur lokal gespeichert.<\/em><\/p>\n<p>Wenn ein R\u00fcckruf erbeten und eine Telefonnummer angeben ist, rufe ich zur\u00fcck. Ergibt sich aus dem Verlauf der Kommunikation, dass ich diese Kontaktdaten mehrfach nutze (oder nutzen werde), so werden die Kontaktinformationen in einem elektronischen Adressbuch gespeichert.<\/p>\n<p>Wenn sich aus dieser E-Mail Kommunikation ein Auftrag ergibt, verfahre ich mit den Daten wie <a href=\"#Datenspeicherung\">weiter unten<\/a> beschrieben. Werden die Kontaktdaten mehr als ein Jahr lang nicht genutzt, werden sie sp\u00e4testens am Ende des entsprechenden Kalenderjahres der Pr\u00fcfung gel\u00f6scht. Gleiches gilt mit den Informationen aus dem Inhalt der E-Mails: Sind die Informationen relevant f\u00fcr einen Auftrag, so wird f\u00fcr diesen Auftrag im Mail-Programm ein Kundenordner angelegt und alle zugeh\u00f6rigen E-Mails dorthin verschoben. F\u00fcr den weiteren Umgang mit auftragsrelevanten E-Mails lesen Sie bitte weiter unten weiter.<\/p>\n<h3 id=\"Datenspeicherung\">Datenspeicherung im Bereich der Kontaktinformationen<\/h3>\n<p>Kontaktinformationen kann ich \u00fcber mehrere Wege erhalten: im pers\u00f6nlichen Gespr\u00e4ch, \u00fcber einen Telefonanruf, oder eine E-Mail. Im Bedarfsfall werden die mir \u00fcbermittelten Kontaktinformationen in einem elektronischen Adressbuch gespeichert. Auch hier gilt der Grundsatz: So wenig wie m\u00f6glich, so viel wie notwendig. In aller Regel reichen mir Name und Telefonnummer oder Name und E-Mail-Adresse. Gelegentlich werden diese drei Informationen zusammen gespeichert. Selten werden noch zus\u00e4tzliche Informationen gespeichert: bei Lieferanten etwa, welcher Art von Leistung sie erbringen (KFZ-Werkstatt, Installateur, etc.), bei Kunden noch relevante Adressinformationen (Firmenname und Adresse).<\/p>\n<p>Sind die Kontaktdaten auftragsrelevant, werden Sie solange vorgehalten, wie der Auftrag andauert. Werden die Kontaktdaten mehr als ein Jahr lang nicht genutzt, werden sie sp\u00e4testens am Ende des entsprechenden Kalenderjahres der Pr\u00fcfung gel\u00f6scht.<\/p>\n<h3 id=\"DatenPth\">Datenspeicherung im Bereich selbst finanzierte Psy\u00adcho\u00adthe\u00adra\u00adpie<\/h3>\n<ul>\n<li>Der Gesetz\u00adge\u00adber ver\u00adlangt von mir, dass ich fol\u00adgende per\u00adso\u00adnen\u00adbe\u00adzo\u00adgene Daten \u00fcber Sie erhebe:<\/li>\n<li>Kon\u00adtakt\u00adda\u00adten (Name, Adresse)<\/li>\n<li>Sozi\u00adal\u00adver\u00adsi\u00adche\u00adrungs\u00adnum\u00admer<\/li>\n<li>Dia\u00adgnose<\/li>\n<li>Datum der Beratungsleistung<\/li>\n<li>Preis der Leistung<\/li>\n<li>Inter\u00adven\u00adtio\u00adnen (dar\u00adun\u00adter wird der Verweis\/die Zuwei\u00adsung an andere Spe\u00adzia\u00adlis\u00adtIn\u00adnen verstanden)<\/li>\n<li>Allf\u00e4llige Kontaktdaten von Dritten (etwa jene der Eltern, wenn Kinder in Therapie sind)<\/li>\n<li>Vorgeschichte<\/li>\n<li>allenfalls Datenauskunfstbegehren u.\u00e4.<\/li>\n<li>Dar\u00ad\u00fcber hin\u00adaus spei\u00adchere ich von Ihnen noch die Tele\u00adfon\u00adnum\u00admer und E-Mail-Adresse \u00fcber den Zeit\u00adraum von der ers\u00adten Kon\u00adtakt\u00adauf\u00adnahme bis 6 Monate nach Been\u00addi\u00adgung der Beratungsleistung.<\/li>\n<\/ul>\n<p>All diese Daten wer\u00adden elek\u00adtro\u00adnisch erfasst. All\u00adf\u00e4l\u00adlige papie\u00adrene Doku\u00admente wer\u00adden am Ende der Sit\u00adzung vernichtet.<\/p>\n<p>Damit hier kein Missverst\u00e4ndnis aufkommt: Grunds\u00e4tzlich habe ich mit meinen \u00a0KlientInnen einen Vertrag \u00fcber die zu erbringende Leistung. In diesem Fall die &#8222;Psychotherapie&#8220;. F\u00fcr die Abrechnung dieser Leistung reichen mir Name und Adresse sowie die Sitzungsdaten und das vereinbarte Honorar. Alle weiteren Daten werden im Dienste und im Auftrag der KlientInnen erhoben: Wenn Sie die \u00fcberreichte Honorarnote bei Ihrem Sozialversicherungstr\u00e4ger zur (Teil-) Refundierung einreichen wollen, m\u00fcssen Sie ein Formular mitsenden. Dieses Formular (siehe unten) muss von mir unterschrieben werden. Damit ich wei\u00df, was ich da unterschreibe, muss ich auch den Inhalt kennen. Dar\u00fcber hinaus habe ich f\u00fcr die Daten keinerlei Verwendung.<\/p>\n<h3>Datenerhebung und Datenverarbeitung im Bereich der &#8222;Psychotherapie auf Krankenschein&#8220;<\/h3>\n<p>Bei mir haben Sie die M\u00f6glichkeit einen Psychotherapieplatz zu erhalten, der zu 100 Prozent von ihrem Sozialversicherungstr\u00e4ger finanziert wird. Damit \u00e4ndert sich das Auftragsverh\u00e4ltnis grundlegend. Mit der \u00dcbernahme der Finanzierung durch den Sozialversicherungstr\u00e4ger treten zwei weitere AdressatInnen Ihrer Daten auf:<\/p>\n<ul>\n<li>Den Sozialversicherungstr\u00e4ger (Krankenkassa) selbst<\/li>\n<li>das Institut f\u00fcr psychotherapeutische Versorgung im l\u00e4ndlichen Raum (IPR)<\/li>\n<\/ul>\n<p>Wobei das IPR als Mittler:in zwischen mir und Ihrem Sozialversicherungstr\u00e4ger (Krankenkassa)\u00a0 auftritt. Ich bin Vertragnehmer des IPR.\u00a0 Das IPR wiederum hat einen Vertrag mit dem jeweiligen Sozialversicherungstr\u00e4ger. Und dieser Vertrag sieht die Erfassung und \u00dcbermittlung bestimmter Daten vor. Diese Daten sind:<\/p>\n<p>Vorname, Nachname, Sozialversicherungsnummer, Sozialversicherungstr\u00e4ger, Adresse, Telefonnummer, zuweisende Stelle, Arbeitgeber:in, Diagnose(n), Behandlungsmethode, Termine mit Datum und Uhrzeit; Best\u00e4tigung eines Arztes\/einer \u00c4rztin.<\/p>\n<p>Diese erhobenen Daten dienen dazu, meine Leistungen den Leistungsempf\u00e4nger:innen, also Ihnen, korrekt zuzuordnen.<\/p>\n<p>Abh\u00e4ngig vom Sozialversicherungstr\u00e4ger werden weitere Daten von Ihnen erhoben und \u00fcber das IPR an Ihren Sozialversicherungstr\u00e4ger \u00fcbermittelt. Hier finden Sie die f\u00fcr Sie relevanten Informationen:<\/p>\n<ul>\n<li><a href=\"https:\/\/www.bvaeb.at\/cdscontent\/load?contentid=10008.711938&amp;version=1579004543\">BVAEB<\/a><\/li>\n<li><a href=\"https:\/\/www.gesundheitskasse.at\/cdscontent\/load?contentid=10008.705041&amp;version=1579260568\">\u00d6GK-Wien<\/a><\/li>\n<li><a href=\"https:\/\/www.gesundheitskasse.at\/cdscontent\/load?contentid=10008.679926&amp;version=1599689120\">\u00d6GK (Burgenland)<\/a><\/li>\n<li><a href=\"https:\/\/www.svs.at\/cdscontent\/load?contentid=10008.728055&amp;version=1575463889\">Selbst\u00e4ndige<\/a><\/li>\n<\/ul>\n<p>Wenn Sie nicht wollen, dass diese Daten von Ihnen erfasst oder \/ und weitergegeben werden, dann k\u00f6nnen Sie dieses Angebot nicht in Anspruch nehmen. Selbstverst\u00e4ndlich haben Sie das Recht, bei Ihrem Sozialversicherungstr\u00e4ger die \u00fcber Sie gespeicherten Informationen einzusehen und unter bestimmten Umst\u00e4nden auch zu beeinspruchen.<\/p>\n<h3>Auftr\u00e4ge und Datenspeicherung<\/h3>\n<p>Wird mir ein Auftrag erteilt, speichere ich folgende Daten:<\/p>\n<ul>\n<li>Kon\u00adtakt\u00adda\u00adten (Name, Adresse, E-Mail-Adresse, Tele\u00adfon\u00adnum\u00admer) der Ansprechperson<\/li>\n<li>Ver\u00adrech\u00adnungs\u00adda\u00adten: Name, Adresse, Leis\u00adtungs\u00adbe\u00adschrei\u00adbung, Leis\u00adtungs\u00adzeit\u00adraum inkl. Datum, Preis der erbrach\u00adten Leistung<\/li>\n<li>Flipchart-Fotoprotokolle<\/li>\n<li>Teil\u00adneh\u00adme\u00adrIn\u00adnen\u2013 bzw. Anwe\u00adsen\u00adheits\u00adlis\u00adten (als Foto\u00adda\u00adtei bzw. Scan), so von der Auf\u00adtrag\u00adge\u00adbe\u00adrIn gew\u00fcnscht<\/li>\n<\/ul>\n<p>All diese Daten wer\u00adden elek\u00adtro\u00adnisch erfasst. Papie\u00adrene Doku\u00admente wer\u00adden am Ende der Sit\u00adzung vernichtet.<\/p>\n<h3>Auftragsabrechnung<\/h3>\n<p>Im Zuge der Verrechnung unser Dienstleistung an den Kunden \/ die Kundin werden die daf\u00fcr notwendigen Daten (Verrechnungsdaten, siehe oben) \u00a0verarbeitet.<\/p>\n<h3>Zusammenarbeit mit Dritten<\/h3>\n<p>Ich arbeite mit einem externen Steuerberater zusammen . Diesem \u00fcbermittle ich alle f\u00fcr seine Arbeit notwendigen Daten: Kontoausz\u00fcge, Rechnungseing\u00e4nge und Rechnungsausg\u00e4nge in Belegform. Die ausgestellten Rechnungen werden ihm ohne personenbezogene Daten \u00fcbermittelt. Alle Unterlagen werden mir nach erfolgreicher Bearbeitung retourniert. Das \u00dcbermittlungsmedium in beide Empfangsrichtungen ist der pers\u00f6nliche Kontakt, gelegentlich auch die Post.<\/p>\n<p>Um meinen Zahlungsverkehr abwickeln zu k\u00f6nnen, habe ich ein Konto bei einer \u00f6sterreichischen Bank. Hier fallen die \u00fcblichen Daten an. F\u00fcr Sie relevant die Daten am Kontoauszug: Datum der \u00dcberweisung, Datum des Eingangs, W\u00e4hrung, Betrag, Auftraggeber Name, Auftraggeber Kontonummer, Zahlungsreferenz. Da ich ausschlie\u00dflich Rechnungen\/Honorarnoten versende und um \u00dcberweisung bitte, haben sowohl die Bank als auch der Steuerberater und allenfalls das Finanzamt eine \u00dcbersicht dar\u00fcber, wer mir welche Betr\u00e4ge mit welcher Zahlungsreferenz wann \u00fcbermittelt hat.<\/p>\n<p style=\"padding-left: 30px;\"><em>Auf meinen Honorarnoten bitte ich die Empf\u00e4ngerInnen ausschlie\u00dflich die Nummer der Honorarnote als Zahlungsreferenz anzugeben. Da ich mehr als ein Gesch\u00e4ftsfeld habe (siehe die Seite \u00fcber meine <a href=\"http:\/\/www.tordy.at\/index.php\/angebot\/\">Angebote<\/a>), ist die Zuordnung eines Namens zu einem der Gesch\u00e4ftsfelder kaum m\u00f6glich.\u00a0<\/em><\/p>\n<h3>L\u00f6schung bzw. Sper\u00adrung der Daten<\/h3>\n<p>Ich halte mich an die Grund\u00ads\u00e4tze der Daten\u00adver\u00admei\u00addung und Daten\u00adspar\u00adsam\u00adkeit. Ich spei\u00adchere Ihre per\u00adso\u00adnen\u00adbe\u00adzo\u00adge\u00adnen Daten daher nur so lange, wie dies zur Errei\u00adchung der hier genann\u00adten Zwe\u00adcke erfor\u00adder\u00adlich ist oder wie es die vom Gesetz\u00adge\u00adber vor\u00adge\u00adse\u00adhe\u00adnen viel\u00adf\u00e4l\u00adti\u00adgen Spei\u00adcher\u00adfris\u00adten vor\u00adse\u00adhen. Nach Fort\u00adfall des jewei\u00adli\u00adgen Zwe\u00adckes bzw. Ablauf die\u00adser Fris\u00adten wer\u00adden die ent\u00adspre\u00adchen\u00adden Daten rou\u00adti\u00adne\u00adm\u00e4\u00ad\u00dfig und ent\u00adspre\u00adchend den gesetz\u00adli\u00adchen Vor\u00adschrif\u00adten gesperrt oder gel\u00f6scht. E-Mails an mich wer\u00adden jeden\u00adfalls nach einem Jahr gel\u00f6scht.<\/p>\n<p>F\u00fcr den Bereich Psy\u00adcho\u00adthe\u00adra\u00adpie betr\u00e4gt die Behal\u00adte\u00adfrist der Daten 10 Jahre<br \/>\nF\u00fcr die anderen Arbeitsfelder kann unter\u00adschie\u00adden wer\u00adden zwischen<br \/>\nden Bereichen<\/p>\n<ul>\n<li>Steuern\/\u00dcberpr\u00fcfung durch das Finanz\u00adamt: davon sind die aus\u00adge\u00adstell\u00adten Rech\u00adnun\u00adgen betrof\u00adfen. Die Auf\u00adbe\u00adwah\u00adrungs\u00adfrist betr\u00e4gt zur Zeit 7 Jahre.<\/li>\n<li>Pro\u00adjekt\u00addo\u00adku\u00admen\u00adta\u00adtion: hier\u00adf\u00fcr gibt es keine mir bekann\u00adten gesetz\u00adli\u00adchen Vor\u00adschrif\u00adten. Im Sinne eines \u201eordent\u00adli\u00adchen Kauf\u00adman\u00adnes\/einer ordentlichen Kauffrau\u201c muss ich aber mei\u00adnen Auf\u00adtrag\u00adge\u00adbe\u00adrIn\u00adnen jeder\u00adzeit Aus\u00adkunft \u00fcber das lau\u00adfende Pro\u00adjekt geben k\u00f6n\u00adnen. Mit dem Jah\u00adres\u00adende, das auf das Ende des Pro\u00adjekts folgt, wer\u00adden die pro\u00adjekt\u00adbe\u00adzo\u00adge\u00adnen Daten (Ange\u00adbote, Kon\u00adzepte, Flipchart-Fotoprotokolle, all\u00adf\u00e4l\u00adlig gescannte TeilnehmerInnen-Listen oder\/und Teil\u00adnah\u00adme\u00adbe\u00adst\u00e4\u00adti\u00adgun\u00adgen) in ein elek\u00adtro\u00adni\u00adsches und ver\u00adschl\u00fcs\u00adsel\u00adtes Archiv ver\u00adscho\u00adben. Diese Daten wer\u00adden sp\u00e4\u00adtes\u00adtens nach 7 Jah\u00adren gel\u00f6scht.<\/li>\n<\/ul>\n<h3>Umgang mit Schriftst\u00fccken<\/h3>\n<p>Grunds\u00e4tzlich werden mir \u00fcbermittelte Schriftst\u00fccke nach dem Lesen vernichtet. Ausnahmen davon bilden<\/p>\n<ul>\n<li>Vertr\u00e4ge<\/li>\n<li>Rechnungen und Belege<\/li>\n<\/ul>\n<p>Vertr\u00e4ge werden solange aufbewahrt, wie sie G\u00fcltigkeit besitzen bzw. im Streitfall vor Gericht als Beleg dienen k\u00f6nnen.<\/p>\n<p>Rechnungen und Belege werden \u2013 sofern sie relevant f\u00fcr die Steuererkl\u00e4rung sind \u2013 7 Jahre lang aufbewahrt. Ist mit der Rechnung eine Produktgarantie verbunden, so werden die Rechnungen jedenfalls bis zum Ablauf der Garantie aufgehoben.<\/p>\n<p>In der Tat werden auf den Schriftst\u00fccken eine Vielzahl von Informationen abgebildet. Diese Informationen bleiben auf dem Papier und werden mit dem Papier am Ende seiner Aufbewahrungsfrist vernichtet.<\/p>\n<h3>Ihre Rechte auf Aus\u00adkunft, Berich\u00adti\u00adgung, Sperre, L\u00f6schung und Widerspruch<\/h3>\n<p>Sie haben das Recht, jeder\u00adzeit Aus\u00adkunft \u00fcber Ihre bei mir gespei\u00adcher\u00adten per\u00adso\u00adnen\u00adbe\u00adzo\u00adge\u00adnen Daten zu erhal\u00adten. Ebenso haben Sie das Recht auf Berich\u00adti\u00adgung, Sper\u00adrung oder, abge\u00adse\u00adhen von der vor\u00adge\u00adschrie\u00adbe\u00adnen Daten\u00adspei\u00adche\u00adrung zur Gesch\u00e4fts\u00adab\u00adwick\u00adlung, L\u00f6schung Ihrer per\u00adso\u00adnen\u00adbe\u00adzo\u00adge\u00adnen Daten. Bitte wen\u00adden Sie sich dazu an mich; ich bin gleich\u00adzei\u00adtig meine eige\u00adne Daten\u00adschutz\u00adbe\u00adauf\u00adtrag\u00adte. Die Kon\u00adtakt\u00adda\u00adten fin\u00adden Sie oben.<br \/>\nDamit eine Sperre von Daten jeder\u00adzeit nachvollzogen wer\u00adden kann, m\u00fcs\u00adsen diese Daten zu Kon\u00adtroll\u00adzwe\u00adcken in einer Sperr\u00adda\u00adtei vor\u00adge\u00adhal\u00adten wer\u00adden. Sie k\u00f6n\u00adnen auch die L\u00f6schung der Daten ver\u00adlan\u00adgen, sofern keine gesetz\u00adli\u00adche Archi\u00advie\u00adrungs\u00adver\u00adpflich\u00adtung besteht. Soweit eine sol\u00adche Ver\u00adpflich\u00adtung besteht, sper\u00adren wir Ihre Daten auf Wunsch.<\/p>\n<p>Sie k\u00f6n\u00adnen \u00c4nde\u00adrun\u00adgen oder den Wider\u00adruf einer Ein\u00adwil\u00adli\u00adgung durch ent\u00adspre\u00adchende Mit\u00adtei\u00adlung an mich mit Wir\u00adkung f\u00fcr die Zukunft vornehmen.<\/p>\n<h3>\u00c4nde\u00adrung meiner Datenschutzbestimmungen<\/h3>\n<p>Ich behalte mir vor, diese Daten\u00adschutz\u00ader\u00adkl\u00e4\u00adrung gele\u00adgent\u00adlich anzu\u00adpas\u00adsen, damit sie stets den aktu\u00adel\u00adlen recht\u00adli\u00adchen Anfor\u00adde\u00adrun\u00adgen ent\u00adspricht oder um \u00c4nde\u00adrun\u00adgen mei\u00adner Leis\u00adtun\u00adgen in der Daten\u00adschutz\u00ader\u00adkl\u00e4\u00adrung umzu\u00adset\u00adzen, z. B. bei der Ein\u00adf\u00fch\u00adrung neuer Ser\u00advices. F\u00fcr Ihren erneu\u00adten Besuch gilt dann die neue Datenschutzerkl\u00e4rung.<\/p>\n<p>Wenn Sie Fra\u00adgen zum Daten\u00adschutz haben, schrei\u00adben Sie mir bitte eine E-Mail oder wen\u00adden Sie sich per Telefon an mich.<\/p>\n","protected":false},"excerpt":{"rendered":"<p>Ver\u00adant\u00adwort\u00adli\u00adche Stelle im Sinne der Daten\u00adschutz\u00adge\u00adsetze ist: Christian Tordy; Sie erreichen mich per Telefon unter 0699 10104054 Das Kontaktformular \u00dcber das Kontaktformular k\u00f6nnen Sie mich erreichen. Sie m\u00fcssen einen Namen eingeben, eine E-Mail-Adresse, den Betreff und das Textfeld ausf\u00fcllen. Wollen Sie, dass ich Sie erreichen kann, sollte zumindest die E-Mail-Adresse g\u00fcltig sein. Die Anfrage wird &hellip; <\/p>\n<p class=\"link-more\"><a href=\"https:\/\/www.tordy.at\/index.php\/datenschutzerklaerung\/\" class=\"more-link\"><span class=\"screen-reader-text\">\u201eDatenschutzerkl\u00e4rung 2\u201c <\/span>weiterlesen<\/a><\/p>\n","protected":false},"author":3,"featured_media":0,"parent":0,"menu_order":9,"comment_status":"closed","ping_status":"closed","template":"","meta":{"footnotes":""},"class_list":["post-308","page","type-page","status-publish","hentry"],"_links":{"self":[{"href":"https:\/\/www.tordy.at\/index.php\/wp-json\/wp\/v2\/pages\/308","targetHints":{"allow":["GET"]}}],"collection":[{"href":"https:\/\/www.tordy.at\/index.php\/wp-json\/wp\/v2\/pages"}],"about":[{"href":"https:\/\/www.tordy.at\/index.php\/wp-json\/wp\/v2\/types\/page"}],"author":[{"embeddable":true,"href":"https:\/\/www.tordy.at\/index.php\/wp-json\/wp\/v2\/users\/3"}],"replies":[{"embeddable":true,"href":"https:\/\/www.tordy.at\/index.php\/wp-json\/wp\/v2\/comments?post=308"}],"version-history":[{"count":27,"href":"https:\/\/www.tordy.at\/index.php\/wp-json\/wp\/v2\/pages\/308\/revisions"}],"predecessor-version":[{"id":815,"href":"https:\/\/www.tordy.at\/index.php\/wp-json\/wp\/v2\/pages\/308\/revisions\/815"}],"wp:attachment":[{"href":"https:\/\/www.tordy.at\/index.php\/wp-json\/wp\/v2\/media?parent=308"}],"curies":[{"name":"wp","href":"https:\/\/api.w.org\/{rel}","templated":true}]}}